{"id":239703,"date":"2021-07-19T15:05:09","date_gmt":"2021-07-19T18:05:09","guid":{"rendered":"https:\/\/faculdadeunibrasilia.com.br\/uberaba\/?page_id=239703"},"modified":"2021-07-19T15:06:38","modified_gmt":"2021-07-19T18:06:38","slug":"comutacao-bibliografica","status":"publish","type":"page","link":"https:\/\/faculdadeunibrasilia.com.br\/uberaba\/comutacao-bibliografica\/","title":{"rendered":"Comuta\u00e7\u00e3o Bibliogr\u00e1fica"},"content":{"rendered":"<p>[et_pb_section fb_built=&#8221;1&#8243; _builder_version=&#8221;4.9.7&#8243; _module_preset=&#8221;default&#8221; custom_padding=&#8221;6px|||||&#8221;][et_pb_row _builder_version=&#8221;4.9.7&#8243; _module_preset=&#8221;default&#8221;][et_pb_column type=&#8221;4_4&#8243; _builder_version=&#8221;4.9.7&#8243; _module_preset=&#8221;default&#8221;][et_pb_text _builder_version=&#8221;4.9.9&#8243; text_font=&#8221;|700|||||||&#8221; text_text_color=&#8221;#16466E&#8221; text_font_size=&#8221;21px&#8221; width=&#8221;100%&#8221; width_tablet=&#8221;&#8221; width_phone=&#8221;89%&#8221; width_last_edited=&#8221;on|desktop&#8221; module_alignment=&#8221;left&#8221; custom_padding=&#8221;||11px|||&#8221; hover_enabled=&#8221;0&#8243; text_font_size_tablet=&#8221;&#8221; text_font_size_phone=&#8221;17px&#8221; text_font_size_last_edited=&#8221;on|desktop&#8221; text_orientation_tablet=&#8221;&#8221; text_orientation_phone=&#8221;&#8221; text_orientation_last_edited=&#8221;on|desktop&#8221; border_width_bottom=&#8221;1px&#8221; border_color_bottom=&#8221;#FBB01B&#8221; sticky_enabled=&#8221;0&#8243;]Comuta\u00e7\u00e3o Bibliogr\u00e1fica<br \/>\n[\/et_pb_text][\/et_pb_column][\/et_pb_row][et_pb_row _builder_version=&#8221;4.9.7&#8243; _module_preset=&#8221;default&#8221;][et_pb_column type=&#8221;4_4&#8243; _builder_version=&#8221;4.9.7&#8243; _module_preset=&#8221;default&#8221;][et_pb_text _builder_version=&#8221;4.9.9&#8243; _module_preset=&#8221;default&#8221; text_font_size=&#8221;15px&#8221; hover_enabled=&#8221;0&#8243; sticky_enabled=&#8221;0&#8243;]<\/p>\n<p><strong>Comuta\u00e7\u00e3o Bibliogr\u00e1fica<\/strong><\/p>\n<p>A Biblioteca Diva Saraiva oferece servi\u00e7os de comuta\u00e7\u00e3o bibliogr\u00e1fica, atrav\u00e9s da solicita\u00e7\u00e3o de c\u00f3pias de artigos cient\u00edficos de peri\u00f3dicos nacionais e estrangeiros, teses, trabalhos publicados em anais de congressos, cap\u00edtulos de monografias, relat\u00f3rios t\u00e9cnicos, partes de documentos (cap\u00edtulos de livros), dentre outras fontes de leitura e pesquisa, desde que amparados pela legisla\u00e7\u00e3o de direitos autorais e que, porventura n\u00e3o componham o acervo da Biblioteca.<\/p>\n<p><strong>Este servi\u00e7o pode ser solicitado atrav\u00e9s das seguintes plataformas:<\/strong><\/p>\n<p>Programa de Comuta\u00e7\u00e3o Bibliogr\u00e1fica &#8211; COMUT, criado pela CAPES e coordenado por uma Secretaria Executiva, localizada fisicamente no IBICT e que atua por meio de uma rede de bibliotecas-base.<\/p>\n<p>Biblioteca Regional de Medicina &#8211; BIREME, tamb\u00e9m conhecido por Centro Latino-Americano e do Caribe de Informa\u00e7\u00e3o em Ci\u00eancias da Sa\u00fade. \u00c9 um centro especializado da Organiza\u00e7\u00e3o Pan-Americana da Sa\u00fade\/Organiza\u00e7\u00e3o Mundial da Sa\u00fade (OPAS\/OMS), orientado \u00e0 coopera\u00e7\u00e3o t\u00e9cnica em informa\u00e7\u00e3o cient\u00edfica em sa\u00fade.<\/p>\n<p><strong>Condi\u00e7\u00f5es para solicita\u00e7\u00e3o de material:<\/strong><\/p>\n<p>Artigos: refer\u00eancia completa (autor, t\u00edtulo do artigo, t\u00edtulo do peri\u00f3dico, volume, ano e p\u00e1ginas &#8211; inicial e final). Cap\u00edtulos de livro: refer\u00eancia completa (autor, t\u00edtulo do livro, local, edi\u00e7\u00e3o, ano de publica\u00e7\u00e3o e p\u00e1gina &#8211; inicial e final). Teses\/disserta\u00e7\u00f5es\/monografias: autor, t\u00edtulo, institui\u00e7\u00e3o de ensino onde se deu a defesa, n\u00famero das p\u00e1ginas.<\/p>\n<p>O usu\u00e1rio dever\u00e1 retirar um formul\u00e1rio pr\u00f3prio, na Biblioteca, para solicitar o servi\u00e7o de comuta\u00e7\u00e3o.<\/p>\n<p>Boa leitura e bons estudos!<\/p>\n<p>[\/et_pb_text][\/et_pb_column][\/et_pb_row][\/et_pb_section][et_pb_section fb_built=&#8221;1&#8243; disabled_on=&#8221;off|off|off&#8221; admin_label=&#8221;Stats&#8221; _builder_version=&#8221;4.9.4&#8243; background_enable_color=&#8221;off&#8221; use_background_color_gradient=&#8221;on&#8221; background_color_gradient_start=&#8221;#013565&#8243; background_color_gradient_end=&#8221;#01377f&#8221; background_image=&#8221;https:\/\/faculdadeunibrasilia.com.br\/uberaba\/wp-content\/uploads\/2021\/07\/blurb1-bg-image.png&#8221; width=&#8221;100%&#8221; module_alignment=&#8221;center&#8221; custom_margin=&#8221;||||true|false&#8221; custom_padding=&#8221;6px||6px||true|false&#8221; global_module=&#8221;64&#8243; saved_tabs=&#8221;all&#8221; locked=&#8221;off&#8221;][et_pb_row column_structure=&#8221;3_5,2_5&#8243; _builder_version=&#8221;4.9.4&#8243; custom_margin=&#8221;|auto||auto|false|false&#8221; custom_padding=&#8221;0px||0px||true|false&#8221;][et_pb_column type=&#8221;3_5&#8243; _builder_version=&#8221;4.0.8&#8243;][\/et_pb_column][et_pb_column type=&#8221;2_5&#8243; _builder_version=&#8221;4.0.8&#8243;][\/et_pb_column][\/et_pb_row][\/et_pb_section][et_pb_section fb_built=&#8221;1&#8243; custom_padding_last_edited=&#8221;on|desktop&#8221; _builder_version=&#8221;4.9.4&#8243; _module_preset=&#8221;default&#8221; background_color=&#8221;#262626&#8243; custom_margin=&#8221;||||true|false&#8221; custom_margin_tablet=&#8221;&#8221; custom_margin_phone=&#8221;&#8221; custom_margin_last_edited=&#8221;on|desktop&#8221; custom_padding=&#8221;47px||47px||true|false&#8221; custom_padding_tablet=&#8221;&#8221; custom_padding_phone=&#8221;&#8221; global_module=&#8221;65&#8243; saved_tabs=&#8221;all&#8221;][et_pb_row column_structure=&#8221;1_4,1_4,1_4,1_4&#8243; use_custom_gutter=&#8221;on&#8221; gutter_width=&#8221;1&#8243; custom_padding_last_edited=&#8221;on|desktop&#8221; _builder_version=&#8221;4.9.7&#8243; width=&#8221;100%&#8221; max_width=&#8221;1300px&#8221; custom_margin=&#8221;1px|auto|-30px|auto|false|false&#8221; custom_margin_tablet=&#8221;&#8221; custom_margin_phone=&#8221;&#8221; custom_margin_last_edited=&#8221;on|desktop&#8221; custom_padding=&#8221;1px|0px|1px|0px|true|true&#8221; custom_padding_tablet=&#8221;&#8221; custom_padding_phone=&#8221;||35px||false|false&#8221;][et_pb_column type=&#8221;1_4&#8243; _builder_version=&#8221;4.9.4&#8243; background_enable_color=&#8221;off&#8221; custom_padding=&#8221;40px|40px|40px|40px|true|true&#8221; custom_padding_tablet=&#8221;|30px||30px|true|true&#8221; custom_padding_phone=&#8221;|20px||20px|true|true&#8221; custom_padding_last_edited=&#8221;on|desktop&#8221; border_radii=&#8221;on|10px|10px|10px|10px&#8221;][et_pb_text _builder_version=&#8221;4.9.4&#8243; custom_margin=&#8221;0px||19px||false|false&#8221; custom_padding=&#8221;10px|||10px|false|false&#8221; border_width_top=&#8221;1px&#8221; border_color_top=&#8221;#fec200&#8243; border_color_left=&#8221;#FEC200&#8243;]<\/p>\n<h5><span style=\"color: white;font-size:13px\"><strong>Endere\u00e7o<\/strong><\/span><\/h5>\n<p>[\/et_pb_text][et_pb_text _builder_version=&#8221;4.9.7&#8243; text_font=&#8221;||||||||&#8221; text_text_color=&#8221;#FFFFFF&#8221; custom_margin=&#8221;||21px|||&#8221; custom_margin_tablet=&#8221;&#8221; custom_margin_phone=&#8221;||0px||false|false&#8221; custom_margin_last_edited=&#8221;on|phone&#8221; custom_padding=&#8221;|||10px|false|false&#8221;]<\/p>\n<p><span>Campus S\u00e3o Crist\u00f3v\u00e3o: <\/span><span>Rua Manoel Gon\u00e7alves de Rezende, 230 &#8211; Bairro Vila S\u00e3o Crist\u00f3v\u00e3o &#8211; Uberaba\/MG<\/span><\/p>\n<p>[\/et_pb_text][et_pb_text _builder_version=&#8221;4.9.7&#8243; text_font=&#8221;||||||||&#8221; text_text_color=&#8221;#FFFFFF&#8221; custom_margin=&#8221;||21px|||&#8221; custom_margin_tablet=&#8221;&#8221; custom_margin_phone=&#8221;20px||0px||false|false&#8221; custom_margin_last_edited=&#8221;on|phone&#8221; custom_padding=&#8221;|||10px|false|false&#8221;]<\/p>\n<p><span>Campus T\u00f4nico dos Santos: <\/span><span>Avenida Tonico dos Santos, 333 &#8211; Bairro Jardim Induberaba &#8211; Uberaba\/MG<\/span><\/p>\n<p>[\/et_pb_text][et_pb_text disabled_on=&#8221;on|on|on&#8221; _builder_version=&#8221;4.9.7&#8243; text_text_color=&#8221;#FFFFFF&#8221; custom_margin=&#8221;0px||19px||false|false&#8221; custom_padding=&#8221;10px|||10px|false|false&#8221; border_width_top=&#8221;1px&#8221; border_color_top=&#8221;#fec200&#8243; border_color_left=&#8221;#FEC200&#8243; disabled=&#8221;on&#8221;]<\/p>\n<h5><span style=\"color: white; font-size: 13px;\"><strong>Links \u00dateis<\/strong><\/span><\/h5>\n<p>[\/et_pb_text][et_pb_text disabled_on=&#8221;on|on|on&#8221; _builder_version=&#8221;4.9.7&#8243; text_font=&#8221;||||||||&#8221; text_text_color=&#8221;#FFFFFF&#8221; custom_margin=&#8221;||21px|||&#8221; custom_margin_tablet=&#8221;&#8221; custom_margin_phone=&#8221;||0px||false|false&#8221; custom_margin_last_edited=&#8221;on|phone&#8221; custom_padding=&#8221;|||10px|false|false&#8221; custom_padding_tablet=&#8221;&#8221; custom_padding_phone=&#8221;&#8221; custom_padding_last_edited=&#8221;on|phone&#8221; disabled=&#8221;on&#8221;]<\/p>\n<p><a href=\"https:\/\/unibrasilia.com\/graduacao\/\"><strong>Cursos<\/strong><\/a><\/p>\n<p><a href=\"https:\/\/unibrasilia.com\/wp-content\/uploads\/2021\/06\/UNIBRASILIA-CENTRO-UNIVERSITARIO-BRASILIA-DO-ESTADO-DE-GOIAS-edital-21-2.pdf\" target=\"_blank\" rel=\"noopener\"><strong>Edital<\/strong><\/a><\/p>\n<p><a href=\"https:\/\/inscricao.unibrasilia.com\/\" target=\"_blank\" rel=\"noopener\"><strong>Vestibular<\/strong><\/a><\/p>\n<p><a href=\"https:\/\/inscricao.unibrasilia.com\/pos-graduacao\/\" target=\"_blank\" rel=\"noopener\"><strong>P\u00f3s-Gradua\u00e7\u00e3o<\/strong><\/a><\/p>\n<p><a href=\"https:\/\/unibrasilia.com\/servicos\/biblioteca-virtual\/\"><strong>Biblioteca<\/strong><\/a><\/p>\n<p><a href=\"https:\/\/unibrasilia.com\/blog\/\"><strong>Blog<\/strong><\/a><\/p>\n<p>[\/et_pb_text][\/et_pb_column][et_pb_column type=&#8221;1_4&#8243; _builder_version=&#8221;4.9.4&#8243; background_enable_color=&#8221;off&#8221; custom_padding=&#8221;40px|40px|40px|40px|true|true&#8221; custom_padding_tablet=&#8221;|30px||30px|true|true&#8221; custom_padding_phone=&#8221;|20px||20px|true|true&#8221; custom_padding_last_edited=&#8221;on|desktop&#8221; border_radii=&#8221;on|10px|10px|10px|10px&#8221;][et_pb_text _builder_version=&#8221;4.9.7&#8243; custom_margin=&#8221;0px||19px||false|false&#8221; custom_margin_tablet=&#8221;&#8221; custom_margin_phone=&#8221;0px||||false|false&#8221; custom_margin_last_edited=&#8221;on|phone&#8221; custom_padding=&#8221;10px|||10px|false|false&#8221; custom_padding_tablet=&#8221;&#8221; custom_padding_phone=&#8221;&#8221; custom_padding_last_edited=&#8221;on|phone&#8221; border_width_top=&#8221;1px&#8221; border_color_top=&#8221;#fec200&#8243; border_color_left=&#8221;#FEC200&#8243;]<\/p>\n<h5><span style=\"color: white; font-size: 13px;\"><strong>Telefones<\/strong><\/span><\/h5>\n<p>[\/et_pb_text][et_pb_text _builder_version=&#8221;4.9.7&#8243; text_font=&#8221;|700|||||||&#8221; text_text_color=&#8221;#FFFFFF&#8221; custom_padding=&#8221;|||10px|false|false&#8221;]<\/p>\n<p><span><\/span><span>Secretaria\/Financeiro:\u00a0<br \/><a href=\"tel:3433119800\">(34) 3311-9800<\/a><br \/><\/span><span>Comercial:\u00a0<\/span><a href=\"tel:3433117400\">(34) 3311-7400<\/a><br \/><span>Whatsapp Comercial:\u00a0<br \/><\/span><a href=\"https:\/\/api.whatsapp.com\/send?phone=Telefone55034984411186\">34 98441-1186<\/a><\/p>\n<p>[\/et_pb_text][\/et_pb_column][et_pb_column type=&#8221;1_4&#8243; _builder_version=&#8221;4.9.4&#8243; background_enable_color=&#8221;off&#8221; custom_padding=&#8221;40px|40px|40px|40px|true|true&#8221; custom_padding_tablet=&#8221;|30px||30px|true|true&#8221; custom_padding_phone=&#8221;|20px||20px|true|true&#8221; custom_padding_last_edited=&#8221;on|desktop&#8221; border_radii=&#8221;on|10px|10px|10px|10px&#8221;][et_pb_text _builder_version=&#8221;4.9.4&#8243; custom_margin=&#8221;0px||19px||false|false&#8221; custom_margin_tablet=&#8221;&#8221; custom_margin_phone=&#8221;-35px||||false|false&#8221; custom_margin_last_edited=&#8221;on|phone&#8221; custom_padding=&#8221;10px|||10px|false|false&#8221; custom_padding_tablet=&#8221;&#8221; custom_padding_phone=&#8221;&#8221; custom_padding_last_edited=&#8221;on|phone&#8221; border_width_top=&#8221;1px&#8221; border_color_top=&#8221;#fec200&#8243; border_color_left=&#8221;#FEC200&#8243;]<\/p>\n<h5><span style=\"color: white;font-size:13px\"><strong>Informa\u00e7\u00f5es<\/strong><\/span><\/h5>\n<p>[\/et_pb_text][et_pb_text _builder_version=&#8221;4.9.7&#8243; text_font=&#8221;|700|||||||&#8221; custom_margin=&#8221;||11px|||&#8221; custom_padding=&#8221;|||10px|false|false&#8221;]<\/p>\n<p><strong>Pol\u00edtica de privacidade<\/strong><\/p>\n<p>[\/et_pb_text][et_pb_text _builder_version=&#8221;4.9.7&#8243; text_font=&#8221;|700|||||||&#8221; custom_margin=&#8221;||37px|||&#8221; custom_padding=&#8221;|||10px|false|false&#8221;]<\/p>\n<p><a href=\"https:\/\/faculdadeunibrasilia.com.br\/uberaba\/bio\/\">Bio<\/a><\/p>\n<p>[\/et_pb_text][et_pb_text _builder_version=&#8221;4.9.4&#8243; custom_margin=&#8221;0px||19px||false|false&#8221; custom_padding=&#8221;10px|||10px|false|false&#8221; border_width_top=&#8221;1px&#8221; border_color_top=&#8221;#fec200&#8243; border_color_left=&#8221;#FEC200&#8243;]<\/p>\n<h5><span style=\"color: white;font-size:13px\"><strong>Central de Atendimentos<\/strong><\/span><\/h5>\n<p>[\/et_pb_text][et_pb_text _builder_version=&#8221;4.9.7&#8243; text_font=&#8221;|700|||||||&#8221; custom_margin=&#8221;||45px|||&#8221; custom_margin_tablet=&#8221;&#8221; custom_margin_phone=&#8221;||0px||false|false&#8221; custom_margin_last_edited=&#8221;on|phone&#8221; custom_padding=&#8221;|||10px|false|false&#8221;]<\/p>\n<p><a href=\"https:\/\/faculdadeunibrasilia.com.br\/uberaba\/ouvidoria\/\"><strong>Ouvidoria<\/strong><\/a><\/p>\n<p>[\/et_pb_text][\/et_pb_column][et_pb_column type=&#8221;1_4&#8243; _builder_version=&#8221;4.9.4&#8243; background_enable_color=&#8221;off&#8221; custom_padding=&#8221;40px|40px|40px|40px|true|true&#8221; custom_padding_tablet=&#8221;|30px||30px|true|true&#8221; custom_padding_phone=&#8221;|20px||20px|true|true&#8221; custom_padding_last_edited=&#8221;on|desktop&#8221; border_radii=&#8221;on|10px|10px|10px|10px&#8221;][et_pb_image src=&#8221;https:\/\/faculdadeunibrasilia.com.br\/uberaba\/wp-content\/uploads\/2021\/07\/Facthus-Logotipo-Branca.png&#8221; title_text=&#8221;Facthus-Logotipo-Branca&#8221; align_tablet=&#8221;&#8221; align_phone=&#8221;left&#8221; align_last_edited=&#8221;on|phone&#8221; _builder_version=&#8221;4.9.7&#8243; _module_preset=&#8221;default&#8221; width=&#8221;100%&#8221; width_tablet=&#8221;&#8221; width_phone=&#8221;55%&#8221; width_last_edited=&#8221;on|phone&#8221; module_alignment=&#8221;left&#8221;][\/et_pb_image][et_pb_text _builder_version=&#8221;4.9.7&#8243; custom_margin=&#8221;35px||19px||false|false&#8221; custom_margin_tablet=&#8221;&#8221; custom_margin_phone=&#8221;38px||||false|false&#8221; custom_margin_last_edited=&#8221;on|phone&#8221; custom_padding=&#8221;10px|||10px|false|false&#8221; custom_padding_tablet=&#8221;&#8221; custom_padding_phone=&#8221;&#8221; custom_padding_last_edited=&#8221;on|phone&#8221; border_width_top=&#8221;1px&#8221; border_color_top=&#8221;#fec200&#8243; border_color_left=&#8221;#FEC200&#8243;]<\/p>\n<h5><span style=\"color: white; font-size: 13px;\"><strong>IES Parte do ecossistema<\/strong><\/span><\/h5>\n<p>[\/et_pb_text][et_pb_image src=&#8221;https:\/\/faculdadeunibrasilia.com.br\/uberaba\/wp-content\/uploads\/2021\/07\/Ecossistema-Brasilia-Educacional-Branca-1.png&#8221; title_text=&#8221;Ecossistema Bras\u00edlia Educacional Branca (1)&#8221; url=&#8221;https:\/\/brasiliaeducacional.com.br\/&#8221; url_new_window=&#8221;on&#8221; _builder_version=&#8221;4.9.7&#8243; _module_preset=&#8221;default&#8221; width_tablet=&#8221;&#8221; width_phone=&#8221;55%&#8221; width_last_edited=&#8221;on|phone&#8221; module_alignment=&#8221;left&#8221;][\/et_pb_image][\/et_pb_column][\/et_pb_row][\/et_pb_section][et_pb_section fb_built=&#8221;1&#8243; custom_padding_last_edited=&#8221;on|desktop&#8221; _builder_version=&#8221;4.9.7&#8243; _module_preset=&#8221;default&#8221; background_color=&#8221;#002559&#8243; custom_padding=&#8221;24px||24px||true|false&#8221; custom_padding_tablet=&#8221;&#8221; custom_padding_phone=&#8221;||10px||false|false&#8221; global_module=&#8221;66&#8243; saved_tabs=&#8221;all&#8221;][et_pb_row column_structure=&#8221;1_3,1_3,1_3&#8243; _builder_version=&#8221;4.9.4&#8243; _module_preset=&#8221;default&#8221; width=&#8221;100%&#8221; max_width=&#8221;1300px&#8221; custom_padding=&#8221;3px||5px|||&#8221;][et_pb_column type=&#8221;1_3&#8243; _builder_version=&#8221;4.9.2&#8243; _module_preset=&#8221;default&#8221;][et_pb_text _builder_version=&#8221;4.9.4&#8243; _module_preset=&#8221;default&#8221; text_font=&#8221;|700|||||||&#8221; text_text_color=&#8221;#FFFFFF&#8221; text_font_size=&#8221;15px&#8221; text_orientation=&#8221;center&#8221; width=&#8221;100%&#8221; custom_margin=&#8221;10px||||false|false&#8221; custom_margin_tablet=&#8221;&#8221; custom_margin_phone=&#8221;10px||||false|false&#8221; custom_margin_last_edited=&#8221;on|phone&#8221; custom_padding_tablet=&#8221;&#8221; custom_padding_phone=&#8221;&#8221; custom_padding_last_edited=&#8221;on|phone&#8221;]<\/p>\n<p>Mais que educa\u00e7\u00e3o, transforma\u00e7\u00e3o social.<\/p>\n<p>[\/et_pb_text][\/et_pb_column][et_pb_column type=&#8221;1_3&#8243; _builder_version=&#8221;4.9.2&#8243; _module_preset=&#8221;default&#8221;][\/et_pb_column][et_pb_column type=&#8221;1_3&#8243; _builder_version=&#8221;4.9.2&#8243; _module_preset=&#8221;default&#8221;][et_pb_text _builder_version=&#8221;4.9.4&#8243; _module_preset=&#8221;default&#8221; text_font=&#8221;|700|||||||&#8221; text_text_color=&#8221;#FFFFFF&#8221; text_font_size=&#8221;15px&#8221; text_orientation=&#8221;right&#8221; width=&#8221;100%&#8221; custom_margin=&#8221;10px||||false|false&#8221; custom_margin_tablet=&#8221;&#8221; custom_margin_phone=&#8221;-31px||||false|false&#8221; custom_margin_last_edited=&#8221;on|phone&#8221; custom_padding_tablet=&#8221;&#8221; custom_padding_phone=&#8221;&#8221; custom_padding_last_edited=&#8221;on|phone&#8221; text_orientation_tablet=&#8221;&#8221; text_orientation_phone=&#8221;center&#8221; text_orientation_last_edited=&#8221;on|phone&#8221;]<\/p>\n<p>Ecossistema BRAS\u00cdLIA Educacional.<\/p>\n<p>[\/et_pb_text][\/et_pb_column][\/et_pb_row][\/et_pb_section]<\/p>\n","protected":false},"excerpt":{"rendered":"<p>Comuta\u00e7\u00e3o Bibliogr\u00e1fica Comuta\u00e7\u00e3o Bibliogr\u00e1fica A Biblioteca Diva Saraiva oferece servi\u00e7os de comuta\u00e7\u00e3o bibliogr\u00e1fica, atrav\u00e9s da solicita\u00e7\u00e3o de c\u00f3pias de artigos cient\u00edficos de peri\u00f3dicos nacionais e estrangeiros, teses, trabalhos publicados em anais de congressos, cap\u00edtulos de monografias, relat\u00f3rios t\u00e9cnicos, partes de documentos (cap\u00edtulos de livros), dentre outras fontes de leitura e pesquisa, desde que amparados pela [&hellip;]<\/p>\n","protected":false},"author":1,"featured_media":0,"parent":0,"menu_order":0,"comment_status":"closed","ping_status":"closed","template":"","meta":{"_et_pb_use_builder":"on","_et_pb_old_content":"","_et_gb_content_width":"","inline_featured_image":false,"footnotes":""},"class_list":["post-239703","page","type-page","status-publish","hentry"],"yoast_head":"<!-- This site is optimized with the Yoast SEO plugin v23.2 - https:\/\/yoast.com\/wordpress\/plugins\/seo\/ -->\n<title>Comuta\u00e7\u00e3o Bibliogr\u00e1fica - Faculdade Unibras\u00edlia<\/title>\n<meta name=\"robots\" content=\"index, follow, max-snippet:-1, max-image-preview:large, max-video-preview:-1\" \/>\n<link rel=\"canonical\" href=\"https:\/\/faculdadeunibrasilia.com.br\/uberaba\/comutacao-bibliografica\/\" \/>\n<meta property=\"og:locale\" content=\"pt_BR\" \/>\n<meta property=\"og:type\" content=\"article\" \/>\n<meta property=\"og:title\" content=\"Comuta\u00e7\u00e3o Bibliogr\u00e1fica - Faculdade Unibras\u00edlia\" \/>\n<meta property=\"og:description\" content=\"Comuta\u00e7\u00e3o Bibliogr\u00e1fica Comuta\u00e7\u00e3o Bibliogr\u00e1fica A Biblioteca Diva Saraiva oferece servi\u00e7os de comuta\u00e7\u00e3o bibliogr\u00e1fica, atrav\u00e9s da solicita\u00e7\u00e3o de c\u00f3pias de artigos cient\u00edficos de peri\u00f3dicos nacionais e estrangeiros, teses, trabalhos publicados em anais de congressos, cap\u00edtulos de monografias, relat\u00f3rios t\u00e9cnicos, partes de documentos (cap\u00edtulos de livros), dentre outras fontes de leitura e pesquisa, desde que amparados pela [&hellip;]\" \/>\n<meta property=\"og:url\" content=\"https:\/\/faculdadeunibrasilia.com.br\/uberaba\/comutacao-bibliografica\/\" \/>\n<meta property=\"og:site_name\" content=\"Faculdade Unibras\u00edlia\" \/>\n<meta property=\"article:modified_time\" content=\"2021-07-19T18:06:38+00:00\" \/>\n<meta name=\"twitter:card\" content=\"summary_large_image\" \/>\n<meta name=\"twitter:label1\" content=\"Est. tempo de leitura\" \/>\n\t<meta name=\"twitter:data1\" content=\"9 minutos\" \/>\n<script type=\"application\/ld+json\" class=\"yoast-schema-graph\">{\"@context\":\"https:\/\/schema.org\",\"@graph\":[{\"@type\":\"WebPage\",\"@id\":\"https:\/\/faculdadeunibrasilia.com.br\/uberaba\/comutacao-bibliografica\/\",\"url\":\"https:\/\/faculdadeunibrasilia.com.br\/uberaba\/comutacao-bibliografica\/\",\"name\":\"Comuta\u00e7\u00e3o Bibliogr\u00e1fica - Faculdade Unibras\u00edlia\",\"isPartOf\":{\"@id\":\"https:\/\/faculdadeunibrasilia.com.br\/uberaba\/#website\"},\"datePublished\":\"2021-07-19T18:05:09+00:00\",\"dateModified\":\"2021-07-19T18:06:38+00:00\",\"breadcrumb\":{\"@id\":\"https:\/\/faculdadeunibrasilia.com.br\/uberaba\/comutacao-bibliografica\/#breadcrumb\"},\"inLanguage\":\"pt-BR\",\"potentialAction\":[{\"@type\":\"ReadAction\",\"target\":[\"https:\/\/faculdadeunibrasilia.com.br\/uberaba\/comutacao-bibliografica\/\"]}]},{\"@type\":\"BreadcrumbList\",\"@id\":\"https:\/\/faculdadeunibrasilia.com.br\/uberaba\/comutacao-bibliografica\/#breadcrumb\",\"itemListElement\":[{\"@type\":\"ListItem\",\"position\":1,\"name\":\"Home\",\"item\":\"https:\/\/faculdadeunibrasilia.com.br\/uberaba\/\"},{\"@type\":\"ListItem\",\"position\":2,\"name\":\"Comuta\u00e7\u00e3o Bibliogr\u00e1fica\"}]},{\"@type\":\"WebSite\",\"@id\":\"https:\/\/faculdadeunibrasilia.com.br\/uberaba\/#website\",\"url\":\"https:\/\/faculdadeunibrasilia.com.br\/uberaba\/\",\"name\":\"Faculdade Unibras\u00edlia\",\"description\":\"de Minas Gerais\",\"potentialAction\":[{\"@type\":\"SearchAction\",\"target\":{\"@type\":\"EntryPoint\",\"urlTemplate\":\"https:\/\/faculdadeunibrasilia.com.br\/uberaba\/?s={search_term_string}\"},\"query-input\":\"required name=search_term_string\"}],\"inLanguage\":\"pt-BR\"}]}<\/script>\n<!-- \/ Yoast SEO plugin. -->","yoast_head_json":{"title":"Comuta\u00e7\u00e3o Bibliogr\u00e1fica - Faculdade Unibras\u00edlia","robots":{"index":"index","follow":"follow","max-snippet":"max-snippet:-1","max-image-preview":"max-image-preview:large","max-video-preview":"max-video-preview:-1"},"canonical":"https:\/\/faculdadeunibrasilia.com.br\/uberaba\/comutacao-bibliografica\/","og_locale":"pt_BR","og_type":"article","og_title":"Comuta\u00e7\u00e3o Bibliogr\u00e1fica - Faculdade Unibras\u00edlia","og_description":"Comuta\u00e7\u00e3o Bibliogr\u00e1fica Comuta\u00e7\u00e3o Bibliogr\u00e1fica A Biblioteca Diva Saraiva oferece servi\u00e7os de comuta\u00e7\u00e3o bibliogr\u00e1fica, atrav\u00e9s da solicita\u00e7\u00e3o de c\u00f3pias de artigos cient\u00edficos de peri\u00f3dicos nacionais e estrangeiros, teses, trabalhos publicados em anais de congressos, cap\u00edtulos de monografias, relat\u00f3rios t\u00e9cnicos, partes de documentos (cap\u00edtulos de livros), dentre outras fontes de leitura e pesquisa, desde que amparados pela [&hellip;]","og_url":"https:\/\/faculdadeunibrasilia.com.br\/uberaba\/comutacao-bibliografica\/","og_site_name":"Faculdade Unibras\u00edlia","article_modified_time":"2021-07-19T18:06:38+00:00","twitter_card":"summary_large_image","twitter_misc":{"Est. tempo de leitura":"9 minutos"},"schema":{"@context":"https:\/\/schema.org","@graph":[{"@type":"WebPage","@id":"https:\/\/faculdadeunibrasilia.com.br\/uberaba\/comutacao-bibliografica\/","url":"https:\/\/faculdadeunibrasilia.com.br\/uberaba\/comutacao-bibliografica\/","name":"Comuta\u00e7\u00e3o Bibliogr\u00e1fica - Faculdade Unibras\u00edlia","isPartOf":{"@id":"https:\/\/faculdadeunibrasilia.com.br\/uberaba\/#website"},"datePublished":"2021-07-19T18:05:09+00:00","dateModified":"2021-07-19T18:06:38+00:00","breadcrumb":{"@id":"https:\/\/faculdadeunibrasilia.com.br\/uberaba\/comutacao-bibliografica\/#breadcrumb"},"inLanguage":"pt-BR","potentialAction":[{"@type":"ReadAction","target":["https:\/\/faculdadeunibrasilia.com.br\/uberaba\/comutacao-bibliografica\/"]}]},{"@type":"BreadcrumbList","@id":"https:\/\/faculdadeunibrasilia.com.br\/uberaba\/comutacao-bibliografica\/#breadcrumb","itemListElement":[{"@type":"ListItem","position":1,"name":"Home","item":"https:\/\/faculdadeunibrasilia.com.br\/uberaba\/"},{"@type":"ListItem","position":2,"name":"Comuta\u00e7\u00e3o Bibliogr\u00e1fica"}]},{"@type":"WebSite","@id":"https:\/\/faculdadeunibrasilia.com.br\/uberaba\/#website","url":"https:\/\/faculdadeunibrasilia.com.br\/uberaba\/","name":"Faculdade Unibras\u00edlia","description":"de Minas Gerais","potentialAction":[{"@type":"SearchAction","target":{"@type":"EntryPoint","urlTemplate":"https:\/\/faculdadeunibrasilia.com.br\/uberaba\/?s={search_term_string}"},"query-input":"required name=search_term_string"}],"inLanguage":"pt-BR"}]}},"_links":{"self":[{"href":"https:\/\/faculdadeunibrasilia.com.br\/uberaba\/wp-json\/wp\/v2\/pages\/239703","targetHints":{"allow":["GET"]}}],"collection":[{"href":"https:\/\/faculdadeunibrasilia.com.br\/uberaba\/wp-json\/wp\/v2\/pages"}],"about":[{"href":"https:\/\/faculdadeunibrasilia.com.br\/uberaba\/wp-json\/wp\/v2\/types\/page"}],"author":[{"embeddable":true,"href":"https:\/\/faculdadeunibrasilia.com.br\/uberaba\/wp-json\/wp\/v2\/users\/1"}],"replies":[{"embeddable":true,"href":"https:\/\/faculdadeunibrasilia.com.br\/uberaba\/wp-json\/wp\/v2\/comments?post=239703"}],"version-history":[{"count":3,"href":"https:\/\/faculdadeunibrasilia.com.br\/uberaba\/wp-json\/wp\/v2\/pages\/239703\/revisions"}],"predecessor-version":[{"id":239707,"href":"https:\/\/faculdadeunibrasilia.com.br\/uberaba\/wp-json\/wp\/v2\/pages\/239703\/revisions\/239707"}],"wp:attachment":[{"href":"https:\/\/faculdadeunibrasilia.com.br\/uberaba\/wp-json\/wp\/v2\/media?parent=239703"}],"curies":[{"name":"wp","href":"https:\/\/api.w.org\/{rel}","templated":true}]}}